n 13347 is divided by 5173?
3001
What is the remainder when 10109325 is divided by 12?
9
What is the remainder when 3077833 is divided by 5988?
1
Calculate the remainder when 1599679366 is divided by 9719.
9718
What is the remainder when 86225 is divided by 17228?
85
What is the remainder when 124237 is divided by 2628?
721
What is the remainder when 2535369 is divided by 53934?
471
Calculate the remainder when 371037 is divided by 16865.
7
Calculate the remainder when 174877 is divided by 714.
661
What is the remainder when 3032484 is divided by 379058?
20
What is the remainder when 41885435 is divided by 1837?
1835
What is the remainder when 1874514 is divided by 112?
82
Calculate the remainder when 323301301 is divided by 1727.
1720
What is the remainder when 13313492 is divided by 887566?
2
What is the remainder when 17817630 is divided by 7243?
7093
What is the remainder when 268071 is divided by 1596?
1539
What is the remainder when 1212283487 is divided by 32?
31
Calculate the remainder when 4188272 is divided by 53.
0
What is the remainder when 802466 is divided by 61?
11
What is the remainder when 33786896 is divided by 56?
24
Calculate the remainder when 3128038 is divided by 38.
30
What is the remainder when 17392109 is divided by 326?
9
Calculate the remainder when 24030802 is divided by 6007693.
30
Calculate the remainder when 22796945 is divided by 1899745.
5
What is the remainder when 52933 is divided by 3146?
2597
What is the remainder when 39205 is divided by 5094?
3547
Calculate the remainder when 3778188 is divided by 27.
24
Calculate the remainder when 95229 is divided by 179.
1
What is the remainder when 7775338 is divided by 110?
98
What is the remainder when 14606408 is divided by 951?
950
What is the remainder when 48681498 is divided by 249?
6
Calculate the remainder when 409444241 is divided by 9.
5
What is the remainder when 421636 is divided by 330?
226
What is the remainder when 12790153 is divided by 1962?
1837
What is the remainder when 731057 is divided by 934?
669
Calculate the remainder when 192899 is divided by 159.
32
What is the remainder when 518715 is divided by 6174?
99
Calculate the remainder when 107217 is divided by 9457.
3190
What is the remainder when 85586973 is divided by 1632?
1629
What is the remainder when 5908637 is divided by 34?
15
What is the remainder when 260650 is divided by 844?
698
What is the remainder when 34431 is divided by 34?
23
What is the remainder when 139947 is divided by 1029?
3
Calculate the remainder when 7623883 is divided by 676.
631
Calculate the remainder when 5335131 is divided by 44.
43
Calculate the remainder when 2388670 is divided by 576.
574
What is the remainder when 294821 is divided by 291307?
3514
Calculate the remainder when 132871 is divided by 44236.
163
Calculate the remainder when 2370514 is divided by 1124.
1122
Calculate the remainder when 216178809 is divided by 249.
246
Calculate the remainder when 2591342 is divided by 57.
8
Calculate the remainder when 840432 is divided by 4779.
4107
What is the remainder when 1780835 is divided by 356163?
20
What is the remainder when 94517 is divided by 36?
17
Calculate the remainder when 657220 is divided by 149.
130
Calculate the remainder when 96775 is divided by 4027.
127
What is the remainder when 7855901 is divided by 106?
29
Calculate the remainder when 1917982 is divided by 8.
6
Calculate the remainder when 2419358 is divided by 972.
50
What is the remainder when 56522 is divided by 4632?
938
Calculate the remainder when 242612 is divided by 80860.
32
What is the remainder when 900544 is divided by 52924?
836
What is the remainder when 167046 is divided by 7769?
3897
Calculate the remainder when 33068275 is divided by 469.
23
What is the remainder when 329917 is divided by 449?
351
Calculate the remainder when 186907 is divided by 654.
517
What is the remainder when 118216 is divided by 2003?
39
What is the remainder when 3077740 is divided by 4?
0
Calculate the remainder when 1220861288 is divided by 3607.
3605
What is the remainder when 256789 is divided by 93?
16
What is the remainder when 26192649 is divided by 2777?
2762
Calculate the remainder when 421577 is divided by 983.
853
What is the remainder when 27886553 is divided by 520?
513
Calculate the remainder when 68917 is divided by 125.
42
What is the remainder when 5710902 is divided by 4628?
4578
Calculate the remainder when 6057644 is divided by 159411.
26
Calculate the remainder when 125847 is divided by 40060.
5667
What is the remainder when 19862457 is divided by 39?
30
Calculate the remainder when 730135 is divided by 248.
23
Calculate the remainder when 5086 is divided by 1274.
1264
What is the remainder when 46780 is divided by 15245?
1045
Calculate the remainder when 4777357 is divided by 70.
67
What is the remainder when 7294556 is divided by 14?
10
Calculate the remainder when 239571 is divided by 1998.
1809
What is the remainder when 11004154 is divided by 393005?
14
Calculate the remainder when 165510 is divided by 713.
94
Calculate the remainder when 141288076 is divided by 108.
100
Calculate the remainder when 64148096 is divided by 150.
146
Calculate the remainder when 6228734 is divided by 16789.
15
Calculate the remainder when 66137 is divided by 1213.
635
Calculate the remainder when 265914 is divided by 2178.
198
Calculate the remainder when 41213 is divided by 3955.
1663
Calculate the remainder when 9737746 is divided by 31.
26
Calculate the remainder when 2527717 is divided by 186.
163
What is the remainder when 925946 is divided by 460?
426
Calculate the remainder when 4494852 is divided by 131.
111
What is the remainder when 8963212 is divided by 22?
16
Calculate the remainder when 2307989 is divided by 55.
24
Calculate the remainder when 6418473 is divided by 79.
39
What is the remainder when 15111241 is divided by 132?
13
What is the remainder when 91216875 is divided by 786?
3
Calculate the remainder when 104788 is divided by 1590.
1438
What is the remainder when 1531999 is divided by 306355?
224
What is the remainder when 794418 is divided by 474?
468
Calculate the remainder when 199565 is divided by 198435.
1130
Calculate the remainder when 521675 is divided by 199.
96
Calculate the remainder when 317683 is divided by 79341.
319
Calculate the remainder when 112938433 is divided by 21.
13
Calculate the remainder when 10860887 is divided by 56.
23
What is the remainder when 5384166 is divided by 2038?
1808
What is the remainder when 1507864 is divided by 220?
204
Calculate the remainder when 1634687 is divided by 122.
9
Calculate the remainder when 12454 is divided by 3972.
538
Calculate the remainder when 4804064 is divided by 116.
40
Calculate the remainder when 229806 is divided by 14.
10
Calculate the remainder when 6748261 is divided by 53.
36
Calculate the remainder when 366210 is divided by 2494.
2086
Calculate the remainder when 51843 is divided by 51769.
74
Calculate the remainder when 160621 is divided by 478.
13
What is the remainder when 35366641 is divided by 105572?
21
What is the remainder when 149791821 is divided by 4473?
4470
Calculate the remainder when 168625 is divided by 718.
613
Calculate the remainder when 117775 is divided by 491.
426
Calculate the remainder when 25079 is divided by 8057.
908
Calculate the remainder when 254463 is divided by 725.
713
Calculate the remainder when 7308890 is divided by 56.
50
What is the remainder when 790047 is divided by 395000?
47
Calculate the remainder when 10868449 is divided by 827.
15
What is the remainder when 2932536 is divided by 473?
409
What is the remainder when 1040517 is divided by 184?
181
What is the remainder when 184155 is divided by 1322?
397
What is the remainder when 3051443 is divided by 90?
83
What is the remainder when 46431359 is divided by 10?
9
What is the remainder when 154175667 is divided by 51?
15
Calculate the remainder when 766598 is divided by 53.
6
Calculate the remainder when 92840831 is divided by 30946934.
29
Calculate the remainder when 1350582 is divided by 526.
340
Calculate the remainder when 1451319 is divided by 225.
69
What is the remainder when 7460101 is divided by 14920?
101
What is the remainder when 5201215 